the prime factors of 4110288?
2, 3, 7, 13, 941
What are the prime factors of 62087181?
3, 13, 239, 6661
List the prime factors of 359158867.
2423, 148229
What are the prime factors of 272667894?
2, 3, 433, 104953
What are the prime factors of 5010633288?
2, 3, 41, 419, 4051
What are the prime factors of 52918312?
2, 739, 8951
List the prime factors of 38839454.
2, 19419727
What are the prime factors of 176637160?
2, 5, 7, 90121
What are the prime factors of 8267195?
5, 1653439
List the prime factors of 13920504.
2, 3, 13, 44617
List the prime factors of 402431437.
23, 47, 372277
List the prime factors of 96868949.
263, 368323
List the prime factors of 291641481.
3, 4007, 8087
What are the prime factors of 2351007773?
41, 57341653
List the prime factors of 112528749.
3, 4261, 8803
What are the prime factors of 750462960?
2, 3, 5, 13, 17, 14149
List the prime factors of 380142573.
3, 83, 547, 2791
List the prime factors of 65830652.
2, 173, 95131
What are the prime factors of 1357104?
2, 3, 7, 577
List the prime factors of 167840272.
2, 839, 12503
What are the prime factors of 27218999?
73, 571, 653
List the prime factors of 47968569.
3, 11, 484531
List the prime factors of 288871662.
2, 3, 1237, 38921
List the prime factors of 2270363333.
7, 19, 2579, 6619
List the prime factors of 828582925.
5, 29, 127, 8999
What are the prime factors of 5880906?
2, 3, 157, 2081
List the prime factors of 80129128.
2, 659, 15199
List the prime factors of 2795899297.
23, 379, 320741
What are the prime factors of 475753641?
3, 11, 14416777
List the prime factors of 19720686.
2, 3, 3286781
List the prime factors of 698877695.
5, 139775539
What are the prime factors of 445564661?
79, 5640059
List the prime factors of 728959645.
5, 331, 337, 1307
What are the prime factors of 151776904?
2, 2671, 7103
List the prime factors of 121858941.
3, 17, 2389391
What are the prime factors of 422938048?
2, 13, 39103
List the prime factors of 10990423.
10990423
List the prime factors of 686071434.
2, 3, 114345239
What are the prime factors of 1581981646?
2, 7, 31, 3645119
List the prime factors of 1513562752.
2, 13, 103, 8831
List the prime factors of 32753926.
2, 1621, 10103
What are the prime factors of 903082094?
2, 451541047
List the prime factors of 162026234.
2, 67, 1209151
What are the prime factors of 1117618985?
5, 7, 31931971
List the prime factors of 4740043450.
2, 5, 79, 719, 1669
What are the prime factors of 78988773?
3, 26329591
List the prime factors of 4132681159.
4132681159
What are the prime factors of 747983973?
3, 11, 2063, 10987
What are the prime factors of 9918894?
2, 3, 1653149
What are the prime factors of 53741194?
2, 13, 2066969
What are the prime factors of 73764876?
2, 3, 6147073
List the prime factors of 460927988.
2, 115231997
What are the prime factors of 323731424?
2, 19, 532453
List the prime factors of 1337374756.
2, 1013, 330053
What are the prime factors of 60905923?
13, 4685071
List the prime factors of 4149902702.
2, 11, 188631941
What are the prime factors of 1594606338?
2, 3, 13, 252391
What are the prime factors of 103976942?
2, 51988471
What are the prime factors of 3090585727?
331, 9337117
What are the prime factors of 272089189?
83, 673, 4871
List the prime factors of 16236602.
2, 19, 427279
What are the prime factors of 123023072?
2, 853, 4507
List the prime factors of 1058639970.
2, 3, 5, 35287999
List the prime factors of 2074552929.
3, 230505881
List the prime factors of 2140951217.
19, 112681643
List the prime factors of 12693534.
2, 3, 7, 302227
What are the prime factors of 6747546?
2, 3, 13, 19, 29, 157
List the prime factors of 267808760.
2, 5, 6695219
What are the prime factors of 680367542?
2, 19, 163, 109843
List the prime factors of 2562213310.
2, 5, 17, 157, 5647
What are the prime factors of 65007827?
2339, 27793
List the prime factors of 35333569.
1051, 33619
What are the prime factors of 50662462?
2, 25331231
List the prime factors of 651808721.
651808721
List the prime factors of 702637060.
2, 5, 79, 439, 1013
List the prime factors of 1344773669.
1344773669
What are the prime factors of 2937102083?
89, 33001147
List the prime factors of 37114736.
2, 397, 5843
List the prime factors of 1071965284.
2, 13, 47, 438611
What are the prime factors of 41820435?
3, 5, 309781
What are the prime factors of 1929392172?
2, 3, 53594227
List the prime factors of 95391016.
2, 7, 523, 3257
What are the prime factors of 123977186?
2, 103, 601831
What are the prime factors of 78511747?
31, 2532637
List the prime factors of 3115301803.
163, 337, 56713
List the prime factors of 973733562.
2, 3, 233, 8599
List the prime factors of 1491677657.
887, 1681711
What are the prime factors of 1406181683?
1406181683
What are the prime factors of 37094789?
37094789
List the prime factors of 36650898.
2, 3, 2036161
List the prime factors of 128813601.
3, 7, 211, 4153
What are the prime factors of 894501995?
5, 178900399
List the prime factors of 310561944.
2, 3, 7, 11, 163, 1031
What are the prime factors of 168940124?
2, 2857, 14783
What are the prime factors of 41394629?
29, 1427401
List the prime factors of 4586977795.
5, 103, 8906753
List the prime factors of 71578412.
2, 17894603
What are the prime factors of 151762180?
2, 5, 83, 91423
List the prime factors of 8755953007.
23, 31, 12280439
What are the prime factors of 2732614298?
2, 1366307149
List the prime factors of 179659717.
113, 449, 3541
What are the prime factors of 155577597?
3, 7, 21599
List the prime factors of 137101359.
3, 19, 1061, 2267
What are the prime factors of 61631135?
5, 157, 78511
What are the prime factors of 18218957?
3607, 5051
What are the prime factors of 46993182?
2, 3, 37, 211681
What are the prime factors of 3061686590?
2, 5, 14321, 21379
List the prime factors of 218354013.
3, 24261557
List the prime factors of 1147396367.
13, 4019, 21961
What are the prime factors of 117909623?
13, 9069971
List the prime factors of 2323011676.
2, 2713, 214063
List the prime factors of 1466794855.
5, 293358971
What are the prime factors of 12755225?
5, 7, 23, 3169
What are the prime factors of 243509433?
3, 29, 31, 90289
List the prime factors of 135523426.
2, 67761713
What are the prime factors of 5414679?
3, 601631
List the prime factors of 7499424239.
107, 70088077
What are the prime factors of 4006567939?
11, 17, 21425497
List the prime factors of 587216972.
2, 146804243
What are the prime factors of 794056588?
2, 13, 19, 811, 991
What are the prime factors of 321204900?
2, 3, 5, 1070683
What are the prime factors of 475848152?
2, 13, 139, 32917
List the prime factors of 159285950.
2, 5, 263, 12113
What are the prime factors of 35679853?
11, 19, 31, 5507
What are the prime factors of 2480878558?
2, 449, 2762671
List the prime factors of 153026848.
2, 13, 367853
What are the prime factors of 11964448?
2, 89, 4201
List the prime factors of 764632863.
3, 79, 1075433
List the prime factors of 475816544.
2, 7, 19, 111799
List the prime factors of 81336138.
2, 3, 13, 37, 28183
What are the prime factors of 81296154?
2, 3, 4516453
What are the prime factors of 108907875?
3, 5, 23, 61
List the prime factors of 5632399024.
2, 7, 29, 59797
What are the prime factors of 9883457?
9883457
What are the prime factors of 54508663?
11, 19, 260807
List the prime factors of 423930868.
2, 105982717
What are the prime factors of 2125904052?
2, 3, 431, 411041
List the prime factors of 207437856.
2, 3, 641, 3371
What are the prime factors of 91709632?
2, 7, 269, 761
List the prime factors of 4376046597.
3, 13, 112206323
List the prime factors of 313681771.
13, 24129367
What are the prime factors of 609523807?
173, 1669, 2111
What are the prime factors of 816197170?
2, 5, 29, 1153, 2441
What are the prime factors of 33176234?
2, 7, 13, 26041
List the prime factors of 560065647.
3, 186688549
What are the prime factors of 255662668?
2, 191, 334637
What are the prime factors of 2319532808?
2, 61, 103, 46147
What are the prime factors of 1514792074?
2, 757396037
What are the prime factors of 126047693?
1033, 122021
What are the prime factors of 1627099172?
2, 17, 29, 825101
List the prime factors of 3663919809.
3, 11, 1033, 3257
What are the prime factors of 139200126?
2, 3, 13, 1784617
List the